{"id":58,"date":"2026-02-12T08:07:49","date_gmt":"2026-02-12T07:07:49","guid":{"rendered":"http:\/\/oblicztosam.pl\/?page_id=58"},"modified":"2026-02-12T08:41:52","modified_gmt":"2026-02-12T07:41:52","slug":"dzialy","status":"publish","type":"page","link":"https:\/\/oblicztosam.pl\/?page_id=58","title":{"rendered":"Dzia\u0142y"},"content":{"rendered":"\n<div class=\"wp-block-group\"><div class=\"wp-block-group__inner-container is-layout-constrained wp-block-group-is-layout-constrained\">\n<p class=\"has-text-align-center has-medium-font-size\"><strong>Wybierz dzia\u0142<\/strong><\/p>\n<\/div><\/div>\n\n\n<style>.kb-row-layout-id58_b74438-49 > .kt-row-column-wrap{align-content:start;}:where(.kb-row-layout-id58_b74438-49 > .kt-row-column-wrap) > .wp-block-kadence-column{justify-content:start;}.kb-row-layout-id58_b74438-49 > .kt-row-column-wrap{column-gap:var(--global-kb-gap-md, 2rem);row-gap:var(--global-kb-gap-md, 2rem);padding-top:var(--global-kb-spacing-sm, 1.5rem);padding-bottom:var(--global-kb-spacing-sm, 1.5rem);grid-template-columns:minmax(0, 1fr);}.kb-row-layout-id58_b74438-49 > .kt-row-layout-overlay{opacity:0.30;}@media all and (max-width: 1024px){.kb-row-layout-id58_b74438-49 > .kt-row-column-wrap{grid-template-columns:minmax(0, 1fr);}}@media all and (max-width: 767px){.kb-row-layout-id58_b74438-49 > .kt-row-column-wrap{grid-template-columns:minmax(0, 1fr);}}<\/style><div class=\"kb-row-layout-wrap kb-row-layout-id58_b74438-49 alignnone wp-block-kadence-rowlayout\"><div class=\"kt-row-column-wrap kt-has-2-columns kt-row-layout-row kt-tab-layout-inherit kt-mobile-layout-row kt-row-valign-top\">\n<style>.kadence-column58_23fe43-a7 > .kt-inside-inner-col{box-shadow:0px 0px 15px 0px rgba(0, 0, 0, 0.2);border-top:1px solid var(--global-palette1, #3182CE);border-right:1px solid var(--global-palette1, #3182CE);border-bottom:1px solid var(--global-palette1, #3182CE);border-left:1px solid var(--global-palette1, #3182CE);}.kadence-column58_23fe43-a7 > .kt-inside-inner-col,.kadence-column58_23fe43-a7 > .kt-inside-inner-col:before{border-top-left-radius:16px;border-top-right-radius:16px;border-bottom-right-radius:16px;border-bottom-left-radius:16px;}.kadence-column58_23fe43-a7 > .kt-inside-inner-col{column-gap:var(--global-kb-gap-sm, 1rem);}.kadence-column58_23fe43-a7 > .kt-inside-inner-col{flex-direction:column;}.kadence-column58_23fe43-a7 > .kt-inside-inner-col > .aligncenter{width:100%;}.kadence-column58_23fe43-a7 > .kt-inside-inner-col{background-color:#f5f9fa;}.kadence-column58_23fe43-a7 > .kt-inside-inner-col:before{opacity:0.3;}.kadence-column58_23fe43-a7{position:relative;}@media all and (max-width: 1024px){.kadence-column58_23fe43-a7 > .kt-inside-inner-col{border-top:1px solid var(--global-palette1, #3182CE);border-right:1px solid var(--global-palette1, #3182CE);border-bottom:1px solid var(--global-palette1, #3182CE);border-left:1px solid var(--global-palette1, #3182CE);flex-direction:column;justify-content:center;}}@media all and (max-width: 767px){.kadence-column58_23fe43-a7 > .kt-inside-inner-col{border-top:1px solid var(--global-palette1, #3182CE);border-right:1px solid var(--global-palette1, #3182CE);border-bottom:1px solid var(--global-palette1, #3182CE);border-left:1px solid var(--global-palette1, #3182CE);flex-direction:column;justify-content:center;}}<\/style>\n<div class=\"wp-block-kadence-column kadence-column58_23fe43-a7 kb-section-has-link\"><div class=\"kt-inside-inner-col\">\n<div class=\"wp-block-group\"><div class=\"wp-block-group__inner-container is-layout-constrained wp-block-group-is-layout-constrained\">\n<h3 class=\"wp-block-heading\" style=\"margin-right:var(--wp--preset--spacing--50);margin-left:var(--wp--preset--spacing--50)\">0. Oznaczenia matematyczne<\/h3>\n\n\n\n<p style=\"margin-right:var(--wp--preset--spacing--70);margin-left:var(--wp--preset--spacing--70)\">Kr\u00f3tki przewodnik po symbolach u\u017cywanych w zadaniach maturalnych<\/p>\n<\/div><\/div>\n<\/div><a href=\"http:\/\/oblicztosam.pl\/?page_id=75\" class=\"kb-section-link-overlay\"><\/a><\/div>\n\n\n<style>.kadence-column58_e2f77d-73 > .kt-inside-inner-col,.kadence-column58_e2f77d-73 > .kt-inside-inner-col:before{border-top-left-radius:0px;border-top-right-radius:0px;border-bottom-right-radius:0px;border-bottom-left-radius:0px;}.kadence-column58_e2f77d-73 > .kt-inside-inner-col{column-gap:var(--global-kb-gap-sm, 1rem);}.kadence-column58_e2f77d-73 > .kt-inside-inner-col{flex-direction:column;}.kadence-column58_e2f77d-73 > .kt-inside-inner-col > .aligncenter{width:100%;}.kadence-column58_e2f77d-73 > .kt-inside-inner-col:before{opacity:0.3;}.kadence-column58_e2f77d-73{position:relative;}@media all and (max-width: 1024px){.kadence-column58_e2f77d-73 > .kt-inside-inner-col{flex-direction:column;justify-content:center;}}@media all and (max-width: 767px){.kadence-column58_e2f77d-73 > .kt-inside-inner-col{flex-direction:column;justify-content:center;}}<\/style>\n<div class=\"wp-block-kadence-column kadence-column58_e2f77d-73\"><div class=\"kt-inside-inner-col\"><\/div><\/div>\n\n<\/div><\/div>","protected":false},"excerpt":{"rendered":"<p>Wybierz dzia\u0142 0. Oznaczenia matematyczne Kr\u00f3tki przewodnik po symbolach u\u017cywanych w zadaniach maturalnych<\/p>\n","protected":false},"author":1,"featured_media":0,"parent":0,"menu_order":0,"comment_status":"closed","ping_status":"closed","template":"","meta":{"_kad_post_transparent":"","_kad_post_title":"","_kad_post_layout":"","_kad_post_sidebar_id":"","_kad_post_content_style":"","_kad_post_vertical_padding":"","_kad_post_feature":"","_kad_post_feature_position":"","_kad_post_header":false,"_kad_post_footer":false,"_kad_post_classname":"","footnotes":""},"class_list":["post-58","page","type-page","status-publish","hentry"],"_links":{"self":[{"href":"https:\/\/oblicztosam.pl\/index.php?rest_route=\/wp\/v2\/pages\/58","targetHints":{"allow":["GET"]}}],"collection":[{"href":"https:\/\/oblicztosam.pl\/index.php?rest_route=\/wp\/v2\/pages"}],"about":[{"href":"https:\/\/oblicztosam.pl\/index.php?rest_route=\/wp\/v2\/types\/page"}],"author":[{"embeddable":true,"href":"https:\/\/oblicztosam.pl\/index.php?rest_route=\/wp\/v2\/users\/1"}],"replies":[{"embeddable":true,"href":"https:\/\/oblicztosam.pl\/index.php?rest_route=%2Fwp%2Fv2%2Fcomments&post=58"}],"version-history":[{"count":7,"href":"https:\/\/oblicztosam.pl\/index.php?rest_route=\/wp\/v2\/pages\/58\/revisions"}],"predecessor-version":[{"id":77,"href":"https:\/\/oblicztosam.pl\/index.php?rest_route=\/wp\/v2\/pages\/58\/revisions\/77"}],"wp:attachment":[{"href":"https:\/\/oblicztosam.pl\/index.php?rest_route=%2Fwp%2Fv2%2Fmedia&parent=58"}],"curies":[{"name":"wp","href":"https:\/\/api.w.org\/{rel}","templated":true}]}}